alculate the remainder when 74 is divided by 58.
16
What is the remainder when 1361 is divided by 29?
27
Calculate the remainder when 460 is divided by 13.
5
What is the remainder when 103 is divided by 54?
49
Calculate the remainder when 51 is divided by 27.
24
What is the remainder when 65 is divided by 34?
31
Calculate the remainder when 87 is divided by 49.
38
What is the remainder when 1721 is divided by 75?
71
What is the remainder when 1079 is divided by 54?
53
Calculate the remainder when 357 is divided by 92.
81
Calculate the remainder when 38 is divided by 26.
12
What is the remainder when 464 is divided by 39?
35
Calculate the remainder when 493 is divided by 13.
12
Calculate the remainder when 941 is divided by 138.
113
What is the remainder when 72 is divided by 32?
8
What is the remainder when 25 is divided by 7?
4
Calculate the remainder when 5491 is divided by 24.
19
Calculate the remainder when 5 is divided by 4.
1
What is the remainder when 89 is divided by 26?
11
What is the remainder when 120 is divided by 21?
15
What is the remainder when 83 is divided by 7?
6
What is the remainder when 268 is divided by 120?
28
Calculate the remainder when 853 is divided by 61.
60
Calculate the remainder when 284 is divided by 281.
3
Calculate the remainder when 181 is divided by 32.
21
Calculate the remainder when 147 is divided by 25.
22
What is the remainder when 468 is divided by 159?
150
Calculate the remainder when 131 is divided by 2.
1
Calculate the remainder when 37 is divided by 23.
14
What is the remainder when 423 is divided by 46?
9
Calculate the remainder when 923 is divided by 132.
131
Calculate the remainder when 1305 is divided by 122.
85
Calculate the remainder when 169 is divided by 17.
16
Calculate the remainder when 417 is divided by 53.
46
Calculate the remainder when 1397 is divided by 8.
5
Calculate the remainder when 88 is divided by 20.
8
What is the remainder when 389 is divided by 179?
31
Calculate the remainder when 274 is divided by 137.
0
What is the remainder when 518 is divided by 1?
0
Calculate the remainder when 938 is divided by 79.
69
Calculate the remainder when 139 is divided by 77.
62
Calculate the remainder when 538 is divided by 133.
6
What is the remainder when 199 is divided by 12?
7
Calculate the remainder when 7416 is divided by 297.
288
Calculate the remainder when 20201 is divided by 14.
13
What is the remainder when 4090 is divided by 93?
91
Calculate the remainder when 287 is divided by 61.
43
Calculate the remainder when 201 is divided by 200.
1
Calculate the remainder when 455 is divided by 100.
55
What is the remainder when 1177 is divided by 64?
25
What is the remainder when 363 is divided by 22?
11
What is the remainder when 3029 is divided by 8?
5
What is the remainder when 325 is divided by 113?
99
Calculate the remainder when 2799 is divided by 140.
139
What is the remainder when 1238 is divided by 21?
20
What is the remainder when 345 is divided by 149?
47
What is the remainder when 1219 is divided by 257?
191
Calculate the remainder when 128 is divided by 43.
42
Calculate the remainder when 6598 is divided by 55.
53
What is the remainder when 43 is divided by 39?
4
Calculate the remainder when 338 is divided by 169.
0
What is the remainder when 1871 is divided by 52?
51
Calculate the remainder when 365 is divided by 94.
83
Calculate the remainder when 410 is divided by 30.
20
Calculate the remainder when 719 is divided by 90.
89
Calculate the remainder when 653 is divided by 82.
79
What is the remainder when 780 is divided by 677?
103
What is the remainder when 264 is divided by 19?
17
What is the remainder when 740 is divided by 19?
18
Calculate the remainder when 351 is divided by 17.
11
Calculate the remainder when 36651 is divided by 308.
307
Calculate the remainder when 777 is divided by 64.
9
Calculate the remainder when 77 is divided by 27.
23
Calculate the remainder when 350 is divided by 110.
20
Calculate the remainder when 247 is divided by 11.
5
What is the remainder when 180 is divided by 5?
0
What is the remainder when 859 is divided by 58?
47
What is the remainder when 47 is divided by 18?
11
What is the remainder when 1859 is divided by 30?
29
Calculate the remainder when 5377 is divided by 4.
1
Calculate the remainder when 682 is divided by 223.
13
Calculate the remainder when 18032 is divided by 18.
14
What is the remainder when 5241 is divided by 164?
157
What is the remainder when 1096 is divided by 61?
59
Calculate the remainder when 90 is divided by 47.
43
What is the remainder when 18038 is divided by 6005?
23
Calculate the remainder when 575 is divided by 24.
23
Calculate the remainder when 322 is divided by 130.
62
Calculate the remainder when 98 is divided by 20.
18
Calculate the remainder when 69 is divided by 23.
0
Calculate the remainder when 159 is divided by 18.
15
Calculate the remainder when 2082 is divided by 139.
136
Calculate the remainder when 696 is divided by 225.
21
Calculate the remainder when 13883 is divided by 15.
8
What is the remainder when 72 is divided by 4?
0
Calculate the remainder when 671 is divided by 138.
119
What is the remainder when 5472 is divided by 420?
12
Calculate the remainder when 156 is divided by 48.
12
Calculate the remainder when 184 is divided by 94.
90
What is the remainder when 1011 is divided by 22?
21
Calculate the remainder when 2278 is divided by 24.
22
What is the remainder when 69 is divided by 38?
31
Calculate the remainder when 7 is divided by 5.
2
What is the remainder when 711 is divided by 708?
3
Calculate the remainder when 82 is divided by 54.
28
What is the remainder when 159 is divided by 132?
27
What is the remainder when 392 is divided by 198?
194
What is the remainder when 375 is divided by 32?
23
What is the remainder when 2716 is divided by 114?
94
Calculate the remainder when 62 is divided by 6.
2
What is the remainder when 166 is divided by 154?
12
Calculate the remainder when 16 is divided by 7.
2
Calculate the remainder when 247 is divided by 44.
27
What is the remainder when 8669 is divided by 16?
13
What is the remainder when 34 is divided by 9?
7
Calculate the remainder when 751 is divided by 229.
64
Calculate the remainder when 209 is divided by 61.
26
What is the remainder when 180 is divided by 118?
62
What is the remainder when 96 is divided by 51?
45
What is the remainder when 154 is divided by 31?
30
What is the remainder when 645 is divided by 289?
67
Calculate the remainder when 170 is divided by 32.
10
What is the remainder when 1452 is divided by 97?
94
What is the remainder when 102 is divided by 36?
30
What is the remainder when 113 is divided by 48?
17
Calculate the remainder when 39 is divided by 15.
9
Calculate the remainder when 782 is divided by 36.
26
What is the remainder when 2120 is divided by 102?
80
Calculate the remainder when 295 is divided by 113.
69
What is the remainder when 4831 is divided by 78?
73
Calculate the remainder when 383 is divided by 14.
5
Calculate the remainder when 581 is divided by 504.
77
What is the remainder when 173 is divided by 25?
23
What is the remainder when 61 is divided by 9?
7
Calculate the remainder when 16058 is divided by 53.
52
Calculate the remainder when 498 is divided by 54.
12
What is the remainder when 3114 is divided by 76?
74
What is the remainder when 77 is divided by 18?
5
Calculate the remainder when 168 is divided by 36.
24
What is the remainder when 120 is divided by 30?
0
Calculate the remainder when 672 is divided by 8.
0
What is the remainder when 133 is divided by 35?
28
Calculate the remainder when 254 is divided by 4.
2
What is the remainder when 200 is divided by 69?
62
Calculate the remainder when 363 is divided by 51.
6
Calculate the remainder when 2024 is divided by 63.
8
What is the remainder when 585 is divided by 200?
185
Calculate the remainder when 798 is divided by 80.
78
Calculate the remainder when 391 is divided by 155.
81
Calculate the remainder when 163 is divided by 18.
1
What is the remainder when 1598 is divided by 32?
30
Calculate the remainder when 540 is divided by 105.
15
What is the remainder when 97 is divided by 7?
6
Calculate the remainder when 172 is divided by 13.
3
Calculat